112*y**3/3 - 4*y**2. Let v be p(0). Suppose -5*o = -v + 79. What is the tens digit of o?
2
Suppose 2*r + 47*r = 215061. What is the units digit of r?
9
Let a(z) = z**2 + 12*z + 232. What is the units digit of a(19)?
1
Suppose 2351 = -8*a + 8423. What is the hundreds digit of a?
7
Let o = -146 - -19. Let w = o + 43. What is the units digit of 1/(-3*2/w)?
4
Let p(a) = 46*a**2 - 4*a - 23. What is the thousands digit of p(5)?
1
Suppose -5*t + 5*q - 65 = 0, 3*q = -3*t - 2*t - 25. Let f = t + 11. Let o(z) = 2*z**2 + z. What is the units digit of o(f)?
1
Let k(f) = -f**2 - 11*f - 8. Let h(j) = -j**3 - 6*j**2 - 3*j. Let q be h(-5). Let r be k(q). What is the units digit of (-18)/((-12)/16*r)?
2
Let d(y) = -y + 4. Let l be d(4). What is the units digit of (l + 9/6)*136/2?
2
Let h(j) be the second derivative of -j**5/20 - j**4/6 - j**3/3 + 2*j**2 + 3*j. What is the tens digit of h(-3)?
1
Suppose -2*i - 6 = -2*h, -5*h + 15 = 3*i - 2*i. Suppose -3*c = -i - 6. What is the tens digit of c - (-27 + (-3 - -6))?
2
Let o(j) = 2*j**3 + j. Let v be o(-2). Let d = 29 + v. Suppose d*y - 27 = 8*y. What is the units digit of y?
9
Let a(i) = i**2 - 11*i - 14. Let k(g) = -g**3 - 14*g**2 - 14*g + 3. Let w be k(-13). What is the units digit of a(w)?
6
Let p be (40/6)/((-8)/36). Let i = p - -34. What is the units digit of i?
4
Let i(x) = -4*x + 5. Let p(l) = -3*l + 6. Let q(j) = -5*i(j) + 4*p(j). What is the tens digit of q(11)?
8
Let m(b) = -b**2 - 6*b - 2. Let h be m(-7). Let f = h - -4. Let l = f - -25. What is the units digit of l?
0
Suppose -2*g = -3 - 5. Suppose -16 = g*x - 0*x. What is the tens digit of (-46)/4*(-6 - x)?
2
Suppose 50*i = -0*i + 92750. What is the hundreds digit of i?
8
Suppose -x + 61 = 3*q + 12, 4*x - 16 = 0. Let k be (-9)/2 - q/(-10). What is the units digit of ((-1)/k)/((-1)/(-51))?
7
Suppose 5*i - 9 = 16. Let q(b) = 59*b - 24. What is the hundreds digit of q(i)?
2
Suppose -12 = -7*p + 3*p. Suppose -2*z = -p*a - 33, 3*z + 10 = -2*a + 92. What is the tens digit of z?
2
Suppose -3*q + 14158 = -m + 1568, -m + 20986 = 5*q. What is the units digit of q?
7
Let q = -1200 + 1709. Let c = q - 345. What is the tens digit of c?
6
Let u(c) = 2*c + 26. Let j be u(-12). Suppose -4*y = -j*l - 126, -y - 2*l = 2*l - 45. What is the tens digit of y?
3
What is the tens digit of 4/10*(2120 + 5 - -10)?
5
What is the hundreds digit of -1 + (443 - (-7 + 5))?
4
Let j = 266 + -102. What is the units digit of j?
4
Let y(o) = 2*o + 12. Let h be y(4). Suppose 5*s - 5*f - h = 0, 2 = -4*s - f + 13. What is the units digit of s?
3
Let f be -29 + 12/9*195/52. Let x be 0 + 1 + -2 - -6. Let h = x - f. What is the units digit of h?
9
Let t = 15 + 26. Suppose 176 = t*d - 37*d. What is the units digit of d?
4
Suppose -3*o = o - 12. Suppose 5*k = 4*g - 701, o*k = -4*g + 3*g + 154. What is the units digit of g?
9
Let p be (-2 - -5)/(((-6)/(-4))/1). Let t = 9 - 6. Suppose -t*s = 0, p*s = z - 20 - 3. What is the units digit of z?
3
Suppose 4 = 2*w - 16. Suppose -8*v + w*v = 0. Suppose -3*h - 2*h + 300 = v. What is the tens digit of h?
6
Suppose -4*j + 50 = 6*w - 4*w, 0 = j - 2*w - 10. Suppose -8 = -5*a + j. Suppose 0 = a*s - 107 + 27. What is the units digit of s?
0
Let n(r) = -r**2 - 8*r - 7. Let c be n(-7). Suppose -5*f + 4*f + 5*t = c, 2*f - 2*t = 32. What is the units digit of f?
0
Let i be 149/(-6) - (-2)/(-12). Let u be (i/10)/(2/(-4)). Suppose -219 = -5*m + m + 5*z, u*m + 3*z - 283 = 0. What is the units digit of m?
6
Let p = 121 + -61. Suppose -v + p = 3*v. What is the units digit of v?
5
Let k(u) = 3*u**2 - 2*u + 12. Let g be k(7). Let s = -97 + g. What is the units digit of s?
8
Suppose -g = 8*u - 3*u + 21, g = u - 3. Let c be (-15)/g + 6/4. Suppose 9 = c*y + 5*j, 2*y + 4*j = y - 6. What is the units digit of y?
6
Suppose 5*r - 13 + 3 = 0. Suppose 0*m - 4*m - 3*d - 1 = 0, r*m = 3*d + 13. Suppose 2*g = 0, m*v - 2*g - 50 = -g. What is the tens digit of v?
2
Let y = 13 - 10. Suppose 4*i - 19 = -y. Suppose -i*w - 4*z + 83 = 27, 58 = 4*w + 3*z. What is the units digit of w?
6
Let d = 11 + -21. Let v = d + 18. What is the units digit of v?
8
Let u be (3/(-2))/((-6)/32). Let x = -2 + -1. Let p = x + u. What is the units digit of p?
5
Suppose 2*n + 2 = h - 0*n, 0 = -3*h - 3*n + 15. Let z = -14 + 0. What is the units digit of h/z - (-135)/7?
9
Let i = -233 + 233. Suppose z + 17 = 4*n, n + 5*z = -n + 3. Suppose 3*j + 11 = 4*j - n*l, 5*j + 5*l - 180 = i. What is the units digit of j?
1
Let s(x) = -x**3 + 22*x**2 - 15*x - 3. What is the thousands digit of s(13)?
1
Let u = 66 - 58. Let l = 31 - u. What is the tens digit of l?
2
Suppose -2*y + 21 = 3*i, i - 4*i + 2*y = -9. Let a = i + 6. What is the tens digit of a?
1
Suppose -505*x + 1355 = -500*x. What is the tens digit of x?
7
Let n(t) = 1 - 6 + 19*t - 10*t. What is the units digit of n(2)?
3
Let f = 2303 - -542. What is the tens digit of f?
4
Let l be 4/18 + 13156/(-234). What is the units digit of (l/(-168))/((1 + 0)/213)?
1
What is the hundreds digit of 10 + 8 + 891 - -7?
9
Let c(l) = -29*l**3 + 3*l**2 - 2*l + 1. Let y be c(-2). What is the tens digit of 3*(y/9 + -2)?
7
Let b(z) be the first derivative of -7*z**2/2 - z - 4. Let s be b(-5). Suppose p - s = -p. What is the tens digit of p?
1
Let b(c) = -4*c**3 - 2*c**2 + 3*c - 3. Let z(r) = -4*r**3 - 2*r**2 + 3*r - 4. Let p(h) = -7*b(h) + 6*z(h). What is the units digit of p(3)?
4
Let l be 2*(-1)/(-5)*5. Suppose -3*f = -132 + 57. Suppose -l*i = -t + f, 0*i = -i - 2. What is the units digit of t?
1
Suppose 4599 = -2*t + 9*t. What is the units digit of (-16)/56 - t/(-21)?
1
Suppose 0 = 14*q - 9851 - 3995. What is the hundreds digit of q?
9
Suppose u = -3*q - 126, -3*u - 5*q - 46 = 344. Let x = -53 - u. What is the tens digit of x?
8
Suppose -5*z - 4*l + 1946 = 52, -3*l - 12 = 0. What is the units digit of z?
2
Suppose -16 - 64 = 4*g. Let k = g - -29. What is the units digit of k?
9
Suppose 5*g = -5*q + 17585, -16*g - q = -21*g + 17585. What is the hundreds digit of g?
5
Let b = 4728 - 3068. What is the hundreds digit of b?
6
Let s be 15/13 + -1 + 9525/195. What is the units digit of -7*7/(s/(-30))?
0
Suppose 5*h + 2*m + 396 - 2971 = 0, 1030 = 2*h - 4*m. What is the units digit of h?
5
Let m = -36 + 34. What is the units digit of 53 + (m/(-2))/(-1)?
2
Let f(i) be the first derivative of -i**4/4 - 8*i**3/3 + 5*i**2/2 + 3. Suppose -3*r = -2*z - 2*z - 33, -r - 46 = 5*z. What is the tens digit of f(z)?
3
Suppose -5*f = 2*f + 392. Let j = f + 98. What is the units digit of j?
2
What is the units digit of 159 + ((-70)/40 - (-10)/(-8))?
6
Let n(l) = -7*l + 160. What is the hundreds digit of n(-35)?
4
Suppose 45*q - 51*q + 1140 = 0. What is the tens digit of q?
9
Let s = -1038 - -1878. What is the tens digit of s?
4
Suppose 0 = -2*u + a + 6, 0 = -4*u - a + 12 - 0. What is the tens digit of 611/u - (-24)/18?
0
Suppose 4*c + 56 = 4*h - 8*h, h - 3*c = -10. Suppose 94 = 4*l + 5*n, 4*l = -l - 2*n + 109. Let m = l + h. What is the units digit of m?
8
Let r be (9/(-6))/((-6)/8) - 2. Suppose r = 3*v + 5*z - 660, 5*z - 82 = 4*v - 927. What is the units digit of v?
5
What is the hundreds digit of (-38576)/(-28)*(-28)/(-8)?
8
Suppose -6568 = -4*r + 3*f, 2*r + 2*f = -f + 3266. What is the tens digit of r?
3
Let u(h) = -91*h**3 + h**2 + 7*h + 23. What is the units digit of u(-3)?
8
Let j(b) = -b**2 + 3*b + 2. Let n be j(3). Suppose 23 = n*g + 5*c, -4*g = -9*g + c + 71. What is the units digit of g?
4
Suppose 5*c = 3*c + 6, c + 645 = 2*k. What is the hundreds digit of k?
3
Let n = 623 + 301. What is the units digit of n?
4
Suppose -2*o = -17 - 13. Suppose -118 = -5*m + s + o, 0 = -2*m - 3*s + 43. What is the tens digit of m?
2
Let j(t) = 157*t - 182. What is the units digit of j(12)?
2
Let p = -239 - -768. What is the tens digit of p?
2
Suppose -5*n + 5*s = -195, 5*s = 4*n - 123 - 29. Let a = n + -15. Suppose 2*w = -4*t + a, t + 2*t = 4*w - 56. What is the tens digit of w?
1
Suppose -8*c - 4*t = -11*c + 5587, -3730 = -2*c + 4*t. What is the hundreds digit of c?
8
Suppose 8*d - 50 = 3*d. Let m(w) = w + 13. Let y be m(d). Suppose 24*r - 10 = y*r. What is the units digit of r?
0
Suppose -3*c - 2*o + 536 + 586 = 0, -o - 755 = -2*c. What is the tens digit of c?
7
Let o be ((-5)/(-3))/((-1)/(-3)). Let m(q) = 2*